{"id":93,"date":"2014-05-27T18:06:32","date_gmt":"2014-05-27T16:06:32","guid":{"rendered":"http:\/\/www.fsv1864amstetten.at\/?page_id=93"},"modified":"2014-05-27T23:43:21","modified_gmt":"2014-05-27T21:43:21","slug":"geschichte","status":"publish","type":"page","link":"http:\/\/www.fsv1864amstetten.at\/?page_id=93","title":{"rendered":"Geschichte"},"content":{"rendered":"<p>Der Feuersch\u00fctzenverein Amstetten 1864 kann in seinem \u00fcber 130-j\u00e4hrigen Bestand auf eine wechselvolle Geschichte zur\u00fcckblicken. Seit dem nachweisbaren Gr\u00fcndungs- jahr 1864 gingen verschiedene St\u00fcrme \u00fcber unseren Verein hinweg. Aber immer dann, wenn es den Anschein hatte, da\u00df die Sch\u00fctzengemeinschaft in ihrem Bestande gef\u00e4hrdet sein k\u00f6nnte, waren es Idealisten besonderer Art, die mit nachahmens- werter Schaffenskraft den Weiterbestand dieser so edlen Sportgemeinschaft sicherten.<\/p>\n<p>Bereits im Jahre 1797 errichteten B\u00fcrger auf dem Krautberg eine Sportschie\u00dfst\u00e4tte. Jedoch nach Beschwerden der Postmeister wegen angeblicher Gefahr f\u00fcr Passagiere und Postillone ( durch Kugeln und scheuende Pferde ) scheint die Anlage bald darauf abgetragen worden zu sein. Neuerrichtung auf der Schie\u00dfstattleiten und 1864 Gr\u00fcndung eines Feuersch\u00fctzenvereines. 1893 erstmalige Erw\u00e4hnung im &#8222;Amstettner Wochenblatt&#8220; \u2013 Ort: &#8222;Caf\u00e9 Putz&#8220; &#8211; Ecke Wienerstra\u00dfe\/M\u00fchlenstra\u00dfe (heute Humanic).<\/p>\n<p>1905 Erbauung einer &#8222;Feuerschie\u00dfst\u00e4tte mit Sch\u00fctzenhalle&#8220;, war seit 1940 Gemeindeeigentum und zeitweise auch von der Exekutive, von der deutschen Wehrmacht und von der russischen Besatzungsmacht ben\u00fctzt.<\/p>\n<p>Seit 1956 wieder Feuersch\u00fctzenverein. Fortbestand bis 1982 und darauffolgender Standortwechsel und Neubau einer reinen Faustfeuerwaffenanlage (25m) in der S\u00fcdlandstra\u00dfe.<\/p>\n<p>Auch in der j\u00fcngsten Vergangenheit (1995) w\u00e4re die Sch\u00fctzengemeinschaft von Amstetten und somit auch die beliebte Schie\u00dfst\u00e4tte beinahe wieder einer zeitgeschichtlichen Modernisierung (\u00d6BB-Ausbau und Abri\u00df der bestehenden Anlage) zum Opfer gefallen, w\u00fcrden sich nicht der damalige Obersch\u00fctzenmeister Johann Graber und mehrere Sch\u00fctzen in tatkr\u00e4ftigster Weise f\u00fcr einen Wiederaufbau eingesetzt haben.<\/p>\n<p>Der Schaffenskraft dieser Sch\u00fctzengemeinschaft (zwei Jahre Bauzeit) ist es daher auch zu danken, da\u00df in Amstetten der Fortbestand des 1997 wieder er\u00f6ffneten Feuersch\u00fctzenvereines 1864 mit neuerrichteter Sportanlage \u2013 10 St\u00e4nde f\u00fcr Sportpistolen Bewerbe (UIT) und 10 St\u00e4nde f\u00fcr Gro\u00dfkaliber oder PPS Bewerbe (IPSC) auf zwei Ebenen, gesichert ist.<\/p>\n<p>Der Vielseitige Wert des Schie\u00dfsportes und nicht zuletzt die Selbstbeherrschung und Geschicklichkeit, in edlem Wettstreit mit sicherem Auge und ruhiger Hand die Kr\u00e4fte zu messen, m\u00f6ge neben dem rein unterhaltenden Faktor nie au\u00dfer acht gelassen werden.<\/p>\n","protected":false},"excerpt":{"rendered":"<p>Der Feuersch\u00fctzenverein Amstetten 1864 kann in seinem \u00fcber 130-j\u00e4hrigen Bestand auf eine wechselvolle Geschichte zur\u00fcckblicken. Seit dem nachweisbaren Gr\u00fcndungs- jahr 1864 gingen verschiedene St\u00fcrme \u00fcber unseren Verein hinweg. Aber immer dann, wenn es den Anschein hatte, da\u00df die Sch\u00fctzengemeinschaft in ihrem Bestande gef\u00e4hrdet sein k\u00f6nnte, waren es Idealisten besonderer Art, die mit nachahmens- werter Schaffenskraft [&hellip;]<\/p>\n","protected":false},"author":1,"featured_media":0,"parent":89,"menu_order":0,"comment_status":"closed","ping_status":"closed","template":"","meta":{"_mc_calendar":[]},"_links":{"self":[{"href":"http:\/\/www.fsv1864amstetten.at\/index.php?rest_route=\/wp\/v2\/pages\/93"}],"collection":[{"href":"http:\/\/www.fsv1864amstetten.at\/index.php?rest_route=\/wp\/v2\/pages"}],"about":[{"href":"http:\/\/www.fsv1864amstetten.at\/index.php?rest_route=\/wp\/v2\/types\/page"}],"author":[{"embeddable":true,"href":"http:\/\/www.fsv1864amstetten.at\/index.php?rest_route=\/wp\/v2\/users\/1"}],"replies":[{"embeddable":true,"href":"http:\/\/www.fsv1864amstetten.at\/index.php?rest_route=%2Fwp%2Fv2%2Fcomments&post=93"}],"version-history":[{"count":2,"href":"http:\/\/www.fsv1864amstetten.at\/index.php?rest_route=\/wp\/v2\/pages\/93\/revisions"}],"predecessor-version":[{"id":95,"href":"http:\/\/www.fsv1864amstetten.at\/index.php?rest_route=\/wp\/v2\/pages\/93\/revisions\/95"}],"up":[{"embeddable":true,"href":"http:\/\/www.fsv1864amstetten.at\/index.php?rest_route=\/wp\/v2\/pages\/89"}],"wp:attachment":[{"href":"http:\/\/www.fsv1864amstetten.at\/index.php?rest_route=%2Fwp%2Fv2%2Fmedia&parent=93"}],"curies":[{"name":"wp","href":"https:\/\/api.w.org\/{rel}","templated":true}]}}