{"id":6366,"date":"2015-12-10T06:15:16","date_gmt":"2015-12-10T05:15:16","guid":{"rendered":"http:\/\/www.fsv1864amstetten.at\/?page_id=6366"},"modified":"2026-03-28T20:27:43","modified_gmt":"2026-03-28T19:27:43","slug":"schiesszeiten","status":"publish","type":"page","link":"http:\/\/www.fsv1864amstetten.at\/?page_id=6366","title":{"rendered":"Schie\u00dfzeiten"},"content":{"rendered":"<p><strong>Mitglieder<\/strong><\/p>\n<p>Mittwoch, Freitag\u00a0 ab 17:00 Uhr<br \/>\nSamstag von 17:00- 20:00 Uhr<\/p>\n<p><strong>Gastsch\u00fctzen<\/strong><\/p>\n<p>Gastsch\u00fctzen haben\u00a0die M\u00f6glichkeit nach telefonischer Vereinbarung zu schie\u00dfen!<\/p>\n<p>Schie\u00dfzeit: 1 Stunde zum vereinbarten Termin.<\/p>\n<p>An Tagen mit Bewerben und an den Reinigungstagen ist kein Schie\u00dfen f\u00fcr Gastsch\u00fctzen m\u00f6glich. Diese Tage sind im Terminkalender ersichtlich!<\/p>\n<p>Eine\u00a0telefonische Anmeldung ist unter den Rufnummern <strong>0650\/6017040<\/strong>\u00a0und <strong>0676\/3990294<\/strong> (Vorzugsweise via WhatsApp\/SMS) m\u00f6glich.<\/p>\n","protected":false},"excerpt":{"rendered":"<p>Mitglieder Mittwoch, Freitag\u00a0 ab 17:00 Uhr Samstag von 17:00- 20:00 Uhr Gastsch\u00fctzen Gastsch\u00fctzen haben\u00a0die M\u00f6glichkeit nach telefonischer Vereinbarung zu schie\u00dfen! Schie\u00dfzeit: 1 Stunde zum vereinbarten Termin. An Tagen mit Bewerben und an den Reinigungstagen ist kein Schie\u00dfen f\u00fcr Gastsch\u00fctzen m\u00f6glich. Diese Tage sind im Terminkalender ersichtlich! Eine\u00a0telefonische Anmeldung ist unter den Rufnummern 0650\/6017040\u00a0und 0676\/3990294 (Vorzugsweise [&hellip;]<\/p>\n","protected":false},"author":1,"featured_media":0,"parent":89,"menu_order":0,"comment_status":"closed","ping_status":"closed","template":"","meta":{"_mc_calendar":[]},"_links":{"self":[{"href":"http:\/\/www.fsv1864amstetten.at\/index.php?rest_route=\/wp\/v2\/pages\/6366"}],"collection":[{"href":"http:\/\/www.fsv1864amstetten.at\/index.php?rest_route=\/wp\/v2\/pages"}],"about":[{"href":"http:\/\/www.fsv1864amstetten.at\/index.php?rest_route=\/wp\/v2\/types\/page"}],"author":[{"embeddable":true,"href":"http:\/\/www.fsv1864amstetten.at\/index.php?rest_route=\/wp\/v2\/users\/1"}],"replies":[{"embeddable":true,"href":"http:\/\/www.fsv1864amstetten.at\/index.php?rest_route=%2Fwp%2Fv2%2Fcomments&post=6366"}],"version-history":[{"count":12,"href":"http:\/\/www.fsv1864amstetten.at\/index.php?rest_route=\/wp\/v2\/pages\/6366\/revisions"}],"predecessor-version":[{"id":9504,"href":"http:\/\/www.fsv1864amstetten.at\/index.php?rest_route=\/wp\/v2\/pages\/6366\/revisions\/9504"}],"up":[{"embeddable":true,"href":"http:\/\/www.fsv1864amstetten.at\/index.php?rest_route=\/wp\/v2\/pages\/89"}],"wp:attachment":[{"href":"http:\/\/www.fsv1864amstetten.at\/index.php?rest_route=%2Fwp%2Fv2%2Fmedia&parent=6366"}],"curies":[{"name":"wp","href":"https:\/\/api.w.org\/{rel}","templated":true}]}}